{"id":668,"date":"2017-07-01T06:06:22","date_gmt":"2017-07-01T09:06:22","guid":{"rendered":"http:\/\/radiustheme.com\/demo\/wordpress\/gtbuilder\/product\/product-1-copy-10\/"},"modified":"2021-11-25T10:29:07","modified_gmt":"2021-11-25T13:29:07","slug":"product-1","status":"publish","type":"product","link":"https:\/\/andreetta.com.br\/?product=product-1","title":{"rendered":"Areia Industrial"},"content":{"rendered":"<p><strong>Areia industrial<\/strong> \u00e9 gerada pela britagem de rochas e sua utiliza\u00e7\u00e3o na produ\u00e7\u00e3o de concretos e argamassas tem sido cada vez mais frequente.<\/p>\n","protected":false},"excerpt":{"rendered":"<p>Areia industrial \u00e9 gerada pela britagem de rochas e sua utiliza\u00e7\u00e3o na produ\u00e7\u00e3o de concretos e argamassas tem sido cada vez mais frequente.<\/p>\n","protected":false},"featured_media":7350,"template":"redux-templates_contained","meta":[],"product_cat":[70,71],"product_tag":[],"_links":{"self":[{"href":"https:\/\/andreetta.com.br\/index.php?rest_route=\/wp\/v2\/product\/668"}],"collection":[{"href":"https:\/\/andreetta.com.br\/index.php?rest_route=\/wp\/v2\/product"}],"about":[{"href":"https:\/\/andreetta.com.br\/index.php?rest_route=\/wp\/v2\/types\/product"}],"wp:featuredmedia":[{"embeddable":true,"href":"https:\/\/andreetta.com.br\/index.php?rest_route=\/wp\/v2\/media\/7350"}],"wp:attachment":[{"href":"https:\/\/andreetta.com.br\/index.php?rest_route=%2Fwp%2Fv2%2Fmedia&parent=668"}],"wp:term":[{"taxonomy":"product_cat","embeddable":true,"href":"https:\/\/andreetta.com.br\/index.php?rest_route=%2Fwp%2Fv2%2Fproduct_cat&post=668"},{"taxonomy":"product_tag","embeddable":true,"href":"https:\/\/andreetta.com.br\/index.php?rest_route=%2Fwp%2Fv2%2Fproduct_tag&post=668"}],"curies":[{"name":"wp","href":"https:\/\/api.w.org\/{rel}","templated":true}]}}