{"id":662,"date":"2017-07-01T06:02:40","date_gmt":"2017-07-01T09:02:40","guid":{"rendered":"http:\/\/radiustheme.com\/demo\/wordpress\/gtbuilder\/product\/product-1-copy-4\/"},"modified":"2021-08-12T18:59:00","modified_gmt":"2021-08-12T21:59:00","slug":"argamassa-convencional","status":"publish","type":"product","link":"https:\/\/andreetta.com.br\/?product=argamassa-convencional","title":{"rendered":"Argamassa Contrapiso"},"content":{"rendered":"<p>A Argamassa de contrapiso \u00e9 uma argamassa para execu\u00e7\u00e3o de contrapisos ou camadas de regulariza\u00e7\u00e3o e nivelamento servindo como base para posterior aplica\u00e7\u00e3o de revestimentos. Por ser uma argamassa pronta para uso, proporciona maior agilidade na obra.<\/p>\n","protected":false},"excerpt":{"rendered":"<p>A Argamassa de contrapiso \u00e9 uma argamassa para execu\u00e7\u00e3o de contrapisos ou camadas de regulariza\u00e7\u00e3o e nivelamento servindo como base para posterior aplica\u00e7\u00e3o de revestimentos. Por ser uma argamassa pronta para uso, proporciona maior agilidade na obra.<\/p>\n","protected":false},"featured_media":7106,"template":"","meta":[],"product_cat":[68],"product_tag":[],"_links":{"self":[{"href":"https:\/\/andreetta.com.br\/index.php?rest_route=\/wp\/v2\/product\/662"}],"collection":[{"href":"https:\/\/andreetta.com.br\/index.php?rest_route=\/wp\/v2\/product"}],"about":[{"href":"https:\/\/andreetta.com.br\/index.php?rest_route=\/wp\/v2\/types\/product"}],"wp:featuredmedia":[{"embeddable":true,"href":"https:\/\/andreetta.com.br\/index.php?rest_route=\/wp\/v2\/media\/7106"}],"wp:attachment":[{"href":"https:\/\/andreetta.com.br\/index.php?rest_route=%2Fwp%2Fv2%2Fmedia&parent=662"}],"wp:term":[{"taxonomy":"product_cat","embeddable":true,"href":"https:\/\/andreetta.com.br\/index.php?rest_route=%2Fwp%2Fv2%2Fproduct_cat&post=662"},{"taxonomy":"product_tag","embeddable":true,"href":"https:\/\/andreetta.com.br\/index.php?rest_route=%2Fwp%2Fv2%2Fproduct_tag&post=662"}],"curies":[{"name":"wp","href":"https:\/\/api.w.org\/{rel}","templated":true}]}}