{"id":659,"date":"2017-07-01T06:00:42","date_gmt":"2017-07-01T09:00:42","guid":{"rendered":"http:\/\/radiustheme.com\/demo\/wordpress\/gtbuilder\/product\/product-1-copy\/"},"modified":"2021-08-12T19:00:31","modified_gmt":"2021-08-12T22:00:31","slug":"argamassa-bombeada","status":"publish","type":"product","link":"https:\/\/andreetta.com.br\/?product=argamassa-bombeada","title":{"rendered":"Argamassa Bombeada"},"content":{"rendered":"<h2><b>CARACTER\u00cdSTICAS<\/b><\/h2>\n<p>\u00c9 uma argamassa estabilizada com aditivos especiais que n\u00e3o exige adi\u00e7\u00e3o de nenhum material na obra. Ela j\u00e1 chega pronta para uso e pode ser utilizada de 36 at\u00e9 72 horas ap\u00f3s a entrega. Os pedidos podem ser feitos a partir de 2 metros c\u00fabicos, com custo inferior ao das argamassas ensacadas, ensiladas ou preparadas na obra.<\/p>\n<h2><b>APLICA\u00c7\u00d5ES<\/b><\/h2>\n<p>Pode ser usada em qualquer situa\u00e7\u00e3o onde a argamassa comum \u00e9 indicada, com a vantagem de sua amplitude no tempo de aplica\u00e7\u00e3o, na alta trabalhabilidade e na qualidade padronizada.<\/p>\n<h2>VANTAGENS<\/h2>\n<ul>\n<li>\u00a0 \u00a0 Pronta para uso imediato<\/li>\n<li>\u00a0 \u00a0 Elimina\u00e7\u00e3o de fissuras<\/li>\n<li>\u00a0 \u00a0 F\u00e1cil manuseio<\/li>\n<li>\u00a0 \u00a0 Maior impermeabilidade<\/li>\n<li>\u00a0 \u00a0 Melhor acabamento e ader\u00eancia<\/li>\n<li>Melhor isolamento termo-ac\u00fastico<\/li>\n<\/ul>\n","protected":false},"excerpt":{"rendered":"<p>CARACTER\u00cdSTICAS \u00c9 uma argamassa estabilizada com aditivos especiais que n\u00e3o exige adi\u00e7\u00e3o de nenhum material na obra. Ela j\u00e1 chega pronta para uso e pode ser utilizada de 36 at\u00e9 72 horas ap\u00f3s a entrega. Os pedidos podem ser feitos a partir de 2 metros c\u00fabicos, com custo inferior ao das argamassas ensacadas, ensiladas ou&#8230;<\/p>\n","protected":false},"featured_media":7107,"template":"","meta":[],"product_cat":[68],"product_tag":[],"_links":{"self":[{"href":"https:\/\/andreetta.com.br\/index.php?rest_route=\/wp\/v2\/product\/659"}],"collection":[{"href":"https:\/\/andreetta.com.br\/index.php?rest_route=\/wp\/v2\/product"}],"about":[{"href":"https:\/\/andreetta.com.br\/index.php?rest_route=\/wp\/v2\/types\/product"}],"wp:featuredmedia":[{"embeddable":true,"href":"https:\/\/andreetta.com.br\/index.php?rest_route=\/wp\/v2\/media\/7107"}],"wp:attachment":[{"href":"https:\/\/andreetta.com.br\/index.php?rest_route=%2Fwp%2Fv2%2Fmedia&parent=659"}],"wp:term":[{"taxonomy":"product_cat","embeddable":true,"href":"https:\/\/andreetta.com.br\/index.php?rest_route=%2Fwp%2Fv2%2Fproduct_cat&post=659"},{"taxonomy":"product_tag","embeddable":true,"href":"https:\/\/andreetta.com.br\/index.php?rest_route=%2Fwp%2Fv2%2Fproduct_tag&post=659"}],"curies":[{"name":"wp","href":"https:\/\/api.w.org\/{rel}","templated":true}]}}