{"id":6907,"date":"2021-07-28T18:11:15","date_gmt":"2021-07-28T21:11:15","guid":{"rendered":"http:\/\/162.241.92.114\/~andreetta\/?page_id=6907"},"modified":"2021-11-12T17:30:36","modified_gmt":"2021-11-12T20:30:36","slug":"argamassa","status":"publish","type":"page","link":"https:\/\/andreetta.com.br\/?page_id=6907","title":{"rendered":"Argamassa"},"content":{"rendered":"\t\t<div data-elementor-type=\"wp-post\" data-elementor-id=\"6907\" class=\"elementor elementor-6907\" data-elementor-settings=\"[]\">\n\t\t\t\t\t\t<div class=\"elementor-inner\">\n\t\t\t\t\t\t\t<div class=\"elementor-section-wrap\">\n\t\t\t\t\t\t\t<section class=\"elementor-section elementor-top-section elementor-element elementor-element-5ab8f17 elementor-section-boxed elementor-section-height-default elementor-section-height-default\" data-id=\"5ab8f17\" data-element_type=\"section\">\n\t\t\t\t\t\t<div class=\"elementor-container elementor-column-gap-default\">\n\t\t\t\t\t\t\t<div class=\"elementor-row\">\n\t\t\t\t\t<div class=\"elementor-column elementor-col-100 elementor-top-column elementor-element elementor-element-20da328\" data-id=\"20da328\" data-element_type=\"column\">\n\t\t\t<div class=\"elementor-column-wrap elementor-element-populated\">\n\t\t\t\t\t\t\t<div class=\"elementor-widget-wrap\">\n\t\t\t\t\t\t<section class=\"elementor-section elementor-inner-section elementor-element elementor-element-5f65a84 elementor-section-boxed elementor-section-height-default elementor-section-height-default\" data-id=\"5f65a84\" data-element_type=\"section\">\n\t\t\t\t\t\t<div class=\"elementor-container elementor-column-gap-default\">\n\t\t\t\t\t\t\t<div class=\"elementor-row\">\n\t\t\t\t\t<div class=\"elementor-column elementor-col-50 elementor-inner-column elementor-element elementor-element-a94daba\" data-id=\"a94daba\" data-element_type=\"column\">\n\t\t\t<div class=\"elementor-column-wrap elementor-element-populated\">\n\t\t\t\t\t\t\t<div class=\"elementor-widget-wrap\">\n\t\t\t\t\t\t<div class=\"elementor-element elementor-element-cea76ec elementor-widget elementor-widget-heading\" data-id=\"cea76ec\" data-element_type=\"widget\" data-widget_type=\"heading.default\">\n\t\t\t\t<div class=\"elementor-widget-container\">\n\t\t\t<h2 class=\"elementor-heading-title elementor-size-default\">Adicione o texto do seu t\u00edtulo aqui<\/h2>\t\t<\/div>\n\t\t\t\t<\/div>\n\t\t\t\t\t\t<\/div>\n\t\t\t\t\t<\/div>\n\t\t<\/div>\n\t\t\t\t<div class=\"elementor-column elementor-col-50 elementor-inner-column elementor-element elementor-element-039163e\" data-id=\"039163e\" data-element_type=\"column\">\n\t\t\t<div class=\"elementor-column-wrap\">\n\t\t\t\t\t\t\t<div class=\"elementor-widget-wrap\">\n\t\t\t\t\t\t\t\t<\/div>\n\t\t\t\t\t<\/div>\n\t\t<\/div>\n\t\t\t\t\t\t\t\t<\/div>\n\t\t\t\t\t<\/div>\n\t\t<\/section>\n\t\t\t\t<section class=\"elementor-section elementor-inner-section elementor-element elementor-element-718454a elementor-section-boxed elementor-section-height-default elementor-section-height-default\" data-id=\"718454a\" data-element_type=\"section\">\n\t\t\t\t\t\t<div class=\"elementor-container elementor-column-gap-default\">\n\t\t\t\t\t\t\t<div class=\"elementor-row\">\n\t\t\t\t\t<div class=\"elementor-column elementor-col-50 elementor-inner-column elementor-element elementor-element-e04910f\" data-id=\"e04910f\" data-element_type=\"column\">\n\t\t\t<div class=\"elementor-column-wrap elementor-element-populated\">\n\t\t\t\t\t\t\t<div class=\"elementor-widget-wrap\">\n\t\t\t\t\t\t<div class=\"elementor-element elementor-element-76152fc elementor-widget elementor-widget-heading\" data-id=\"76152fc\" data-element_type=\"widget\" data-widget_type=\"heading.default\">\n\t\t\t\t<div class=\"elementor-widget-container\">\n\t\t\t<h2 class=\"elementor-heading-title elementor-size-default\">Adicione o texto do seu t\u00edtulo aqui<\/h2>\t\t<\/div>\n\t\t\t\t<\/div>\n\t\t\t\t\t\t<\/div>\n\t\t\t\t\t<\/div>\n\t\t<\/div>\n\t\t\t\t<div class=\"elementor-column elementor-col-50 elementor-inner-column elementor-element elementor-element-5d5cb59\" data-id=\"5d5cb59\" data-element_type=\"column\">\n\t\t\t<div class=\"elementor-column-wrap\">\n\t\t\t\t\t\t\t<div class=\"elementor-widget-wrap\">\n\t\t\t\t\t\t\t\t<\/div>\n\t\t\t\t\t<\/div>\n\t\t<\/div>\n\t\t\t\t\t\t\t\t<\/div>\n\t\t\t\t\t<\/div>\n\t\t<\/section>\n\t\t\t\t\t\t<\/div>\n\t\t\t\t\t<\/div>\n\t\t<\/div>\n\t\t\t\t\t\t\t\t<\/div>\n\t\t\t\t\t<\/div>\n\t\t<\/section>\n\t\t\t\t<div class=\"elementor-section elementor-top-section elementor-element elementor-element-70ee0f7 elementor-section-full_width elementor-section-stretched elementor-section-height-default elementor-section-height-default\" data-id=\"70ee0f7\" data-element_type=\"section\" data-settings=\"{&quot;background_background&quot;:&quot;classic&quot;,&quot;stretch_section&quot;:&quot;section-stretched&quot;}\">\n\t\t\t\t\t\t<div class=\"elementor-container elementor-column-gap-default\">\n\t\t\t\t\t\t\t<div class=\"elementor-row\">\n\t\t\t\t\t<div class=\"elementor-column elementor-col-50 elementor-top-column elementor-element elementor-element-e4150c4\" data-id=\"e4150c4\" data-element_type=\"column\">\n\t\t\t<div class=\"elementor-column-wrap elementor-element-populated\">\n\t\t\t\t\t\t\t<div class=\"elementor-widget-wrap\">\n\t\t\t\t\t\t<div class=\"elementor-element elementor-element-22566f6 elementor-widget elementor-widget-rt-title-content-button\" data-id=\"22566f6\" data-element_type=\"widget\" data-widget_type=\"rt-title-content-button.default\">\n\t\t\t\t<div class=\"elementor-widget-container\">\n\t\t\t<div class=\"rtel-title-content-button2 view-2\">\n    <h2 class=\"title title-bar-xl1\">\n      Argamassa    <\/h2>\n    <div class=\"subtitle\"><\/div>\n    <div class=\"rtin-text\"><p>Com meio s\u00e9culo de confian\u00e7a e experi\u00eancia no mercado. Atuando em diversos segmentos, entregando qualidade em cada obra e servi\u00e7o executado. Entre em contato, certamente poderemos atend\u00ea-lo.<\/p>\n<\/div>\n    \n<\/div>\n\t\t<\/div>\n\t\t\t\t<\/div>\n\t\t\t\t\t\t<\/div>\n\t\t\t\t\t<\/div>\n\t\t<\/div>\n\t\t\t\t<div class=\"elementor-column elementor-col-50 elementor-top-column elementor-element elementor-element-1e3051b\" data-id=\"1e3051b\" data-element_type=\"column\">\n\t\t\t<div class=\"elementor-column-wrap elementor-element-populated\">\n\t\t\t\t\t\t\t<div class=\"elementor-widget-wrap\">\n\t\t\t\t\t\t<div class=\"elementor-element elementor-element-a446273 elementor-widget elementor-widget-rt-background-image\" data-id=\"a446273\" data-element_type=\"widget\" data-widget_type=\"rt-background-image.default\">\n\t\t\t\t<div class=\"elementor-widget-container\">\n\t\t\t\n<div class=\"rtel-background-image\" style=\"background-image: url(https:\/\/andreetta.com.br\/wp-content\/uploads\/2021\/08\/Argamassa-Raiz.png);\"><\/div>\n\n\t\t<\/div>\n\t\t\t\t<\/div>\n\t\t\t\t\t\t<\/div>\n\t\t\t\t\t<\/div>\n\t\t<\/div>\n\t\t\t\t\t\t\t\t<\/div>\n\t\t\t\t\t<\/div>\n\t\t<\/div>\n\t\t\t\t<section class=\"elementor-section elementor-top-section elementor-element elementor-element-4a51671 elementor-section-boxed elementor-section-height-default elementor-section-height-default\" data-id=\"4a51671\" data-element_type=\"section\">\n\t\t\t\t\t\t<div class=\"elementor-container elementor-column-gap-default\">\n\t\t\t\t\t\t\t<div class=\"elementor-row\">\n\t\t\t\t\t<div class=\"elementor-column elementor-col-100 elementor-top-column elementor-element elementor-element-7cc7932\" data-id=\"7cc7932\" data-element_type=\"column\">\n\t\t\t<div class=\"elementor-column-wrap elementor-element-populated\">\n\t\t\t\t\t\t\t<div class=\"elementor-widget-wrap\">\n\t\t\t\t\t\t<div class=\"elementor-element elementor-element-fa4978a elementor-widget elementor-widget-rt-section-title-subtitle\" data-id=\"fa4978a\" data-element_type=\"widget\" data-widget_type=\"rt-section-title-subtitle.default\">\n\t\t\t\t<div class=\"elementor-widget-container\">\n\t\t\t<div class=\"rtel-section-title \">\n    <h2 class=\"rtin-title\"><\/h2>\n    <\/div>\n\t\t<\/div>\n\t\t\t\t<\/div>\n\t\t\t\t<section class=\"elementor-section elementor-inner-section elementor-element elementor-element-56cc877 elementor-section-boxed elementor-section-height-default elementor-section-height-default\" data-id=\"56cc877\" data-element_type=\"section\">\n\t\t\t\t\t\t<div class=\"elementor-container elementor-column-gap-default\">\n\t\t\t\t\t\t\t<div class=\"elementor-row\">\n\t\t\t\t\t<div class=\"elementor-column elementor-col-50 elementor-inner-column elementor-element elementor-element-8837e98\" data-id=\"8837e98\" data-element_type=\"column\">\n\t\t\t<div class=\"elementor-column-wrap\">\n\t\t\t\t\t\t\t<div class=\"elementor-widget-wrap\">\n\t\t\t\t\t\t\t\t<\/div>\n\t\t\t\t\t<\/div>\n\t\t<\/div>\n\t\t\t\t<div class=\"elementor-column elementor-col-50 elementor-inner-column elementor-element elementor-element-a64b8ef\" data-id=\"a64b8ef\" data-element_type=\"column\">\n\t\t\t<div class=\"elementor-column-wrap\">\n\t\t\t\t\t\t\t<div class=\"elementor-widget-wrap\">\n\t\t\t\t\t\t\t\t<\/div>\n\t\t\t\t\t<\/div>\n\t\t<\/div>\n\t\t\t\t\t\t\t\t<\/div>\n\t\t\t\t\t<\/div>\n\t\t<\/section>\n\t\t\t\t<div class=\"elementor-element elementor-element-ff132cd elementor-widget elementor-widget-rt-product-slider\" data-id=\"ff132cd\" data-element_type=\"widget\" data-widget_type=\"rt-product-slider.default\">\n\t\t\t\t<div class=\"elementor-widget-container\">\n\t\t\t<div class=\"rt-el-product-slider rt-el-product-slider-1\">\n  <div id=\"69e229f01b5be\" class=\"rtin-smart-nav-layout-product\"><\/div>\n\t\t\t<div class=\"rtin-items owl-theme owl-custom-nav owl-carousel rt-owl-carousel\" data-carousel-options=\"{&quot;nav&quot;:false,&quot;dots&quot;:false,&quot;autoplay&quot;:false,&quot;autoplayTimeout&quot;:&quot;5000&quot;,&quot;autoplaySpeed&quot;:200,&quot;autoplayHoverPause&quot;:true,&quot;loop&quot;:true,&quot;margin&quot;:30,&quot;responsive&quot;:{&quot;0&quot;:{&quot;items&quot;:&quot;1&quot;},&quot;480&quot;:{&quot;items&quot;:&quot;2&quot;},&quot;768&quot;:{&quot;items&quot;:&quot;3&quot;},&quot;992&quot;:{&quot;items&quot;:&quot;3&quot;},&quot;1200&quot;:{&quot;items&quot;:&quot;3&quot;}},&quot;navContainer&quot;:&quot;#69e229f01b5be&quot;,&quot;navText&quot;:[&quot;&lt;i class=\\&quot;flaticon-left-arrow\\&quot; aria-hidden=\\&quot;true\\&quot;&gt;&lt;\\\/i&gt;&quot;,&quot;&lt;i class=\\&quot;flaticon-right-arrow\\&quot; aria-hidden=\\&quot;true\\&quot;&gt;&lt;\\\/i&gt;&quot;]}\">\n\n\t\t\t\t\t\t\t\n<div class=\"rt-product-block rt-product-block-1\">\n\n  <div class=\"rtin-thumb-wrapper\">\n    <a href=\"https:\/\/andreetta.com.br\/?product=argamassa-de-assentamento\" class=\"rtin-thumb\">\n      <img width=\"300\" height=\"300\" src=\"https:\/\/andreetta.com.br\/wp-content\/uploads\/2017\/07\/image00017-300x300.png\" class=\"attachment-woocommerce_thumbnail size-woocommerce_thumbnail\" alt=\"\" loading=\"lazy\" \/>    <\/a>\n        <ul class=\"shop-action-items\">\n      <li class=\"rt-cart-icon\"><a rel=\"nofollow\" href=\"https:\/\/andreetta.com.br\/?product=argamassa-de-assentamento\" data-quantity=\"1\" data-product_id=\"666\" data-product_sku=\"\" class=\"flaticon-shopping-cart button product_type_simple ajax_add_to_cart\"><\/a><\/li>\n                <\/ul>\n  <\/div>\n\n  <h3 class=\"rtin-title\"><a href=\"https:\/\/andreetta.com.br\/?product=argamassa-de-assentamento\">Argamassa de Assentamento, Reboco<\/a><\/h3>\n\n  \n  \n<\/div>\t\t\t\t\t\t\t\n<div class=\"rt-product-block rt-product-block-1\">\n\n  <div class=\"rtin-thumb-wrapper\">\n    <a href=\"https:\/\/andreetta.com.br\/?product=argamassa-convencional\" class=\"rtin-thumb\">\n      <img width=\"300\" height=\"300\" src=\"https:\/\/andreetta.com.br\/wp-content\/uploads\/2017\/07\/Contrapiso-300x300.png\" class=\"attachment-woocommerce_thumbnail size-woocommerce_thumbnail\" alt=\"\" loading=\"lazy\" \/>    <\/a>\n        <ul class=\"shop-action-items\">\n      <li class=\"rt-cart-icon\"><a rel=\"nofollow\" href=\"https:\/\/andreetta.com.br\/?product=argamassa-convencional\" data-quantity=\"1\" data-product_id=\"662\" data-product_sku=\"\" class=\"flaticon-shopping-cart button product_type_simple ajax_add_to_cart\"><\/a><\/li>\n                <\/ul>\n  <\/div>\n\n  <h3 class=\"rtin-title\"><a href=\"https:\/\/andreetta.com.br\/?product=argamassa-convencional\">Argamassa Contrapiso<\/a><\/h3>\n\n  \n  \n<\/div>\t\t\t\t\t\t\t\n<div class=\"rt-product-block rt-product-block-1\">\n\n  <div class=\"rtin-thumb-wrapper\">\n    <a href=\"https:\/\/andreetta.com.br\/?product=argamassa-bombeada\" class=\"rtin-thumb\">\n      <img width=\"300\" height=\"300\" src=\"https:\/\/andreetta.com.br\/wp-content\/uploads\/2017\/07\/Concreto-Bombeado-300x300.png\" class=\"attachment-woocommerce_thumbnail size-woocommerce_thumbnail\" alt=\"\" loading=\"lazy\" \/>    <\/a>\n        <ul class=\"shop-action-items\">\n      <li class=\"rt-cart-icon\"><a rel=\"nofollow\" href=\"https:\/\/andreetta.com.br\/?product=argamassa-bombeada\" data-quantity=\"1\" data-product_id=\"659\" data-product_sku=\"\" class=\"flaticon-shopping-cart button product_type_simple ajax_add_to_cart\"><\/a><\/li>\n                <\/ul>\n  <\/div>\n\n  <h3 class=\"rtin-title\"><a href=\"https:\/\/andreetta.com.br\/?product=argamassa-bombeada\">Argamassa Bombeada<\/a><\/h3>\n\n  \n  \n<\/div>\t\t\t\t\t<\/div>\n\t<\/div>\n\t\t<\/div>\n\t\t\t\t<\/div>\n\t\t\t\t\t\t<\/div>\n\t\t\t\t\t<\/div>\n\t\t<\/div>\n\t\t\t\t\t\t\t\t<\/div>\n\t\t\t\t\t<\/div>\n\t\t<\/section>\n\t\t\t\t\t\t<\/div>\n\t\t\t\t\t\t<\/div>\n\t\t\t\t\t<\/div>\n\t\t","protected":false},"excerpt":{"rendered":"<p>Adicione o texto do seu t\u00edtulo aqui Adicione o texto do seu t\u00edtulo aqui Argamassa Com meio s\u00e9culo de confian\u00e7a e experi\u00eancia no mercado. Atuando em diversos segmentos, entregando qualidade em cada obra e servi\u00e7o executado. Entre em contato, certamente poderemos atend\u00ea-lo. Argamassa de Assentamento, Reboco Argamassa Contrapiso Argamassa Bombeada<\/p>\n","protected":false},"author":1,"featured_media":0,"parent":0,"menu_order":0,"comment_status":"closed","ping_status":"closed","template":"","meta":[],"featured_image_src":null,"featured_image_src_square":null,"_links":{"self":[{"href":"https:\/\/andreetta.com.br\/index.php?rest_route=\/wp\/v2\/pages\/6907"}],"collection":[{"href":"https:\/\/andreetta.com.br\/index.php?rest_route=\/wp\/v2\/pages"}],"about":[{"href":"https:\/\/andreetta.com.br\/index.php?rest_route=\/wp\/v2\/types\/page"}],"author":[{"embeddable":true,"href":"https:\/\/andreetta.com.br\/index.php?rest_route=\/wp\/v2\/users\/1"}],"replies":[{"embeddable":true,"href":"https:\/\/andreetta.com.br\/index.php?rest_route=%2Fwp%2Fv2%2Fcomments&post=6907"}],"version-history":[{"count":52,"href":"https:\/\/andreetta.com.br\/index.php?rest_route=\/wp\/v2\/pages\/6907\/revisions"}],"predecessor-version":[{"id":7345,"href":"https:\/\/andreetta.com.br\/index.php?rest_route=\/wp\/v2\/pages\/6907\/revisions\/7345"}],"wp:attachment":[{"href":"https:\/\/andreetta.com.br\/index.php?rest_route=%2Fwp%2Fv2%2Fmedia&parent=6907"}],"curies":[{"name":"wp","href":"https:\/\/api.w.org\/{rel}","templated":true}]}}